lse
Is 40892390057 a composite number?
True
Is 10961967719 a composite number?
False
Is 46699790217 prime?
False
Is 569596277 a composite number?
False
Is 1112203879 a composite number?
False
Is 884747653 composite?
False
Is 32311034837 composite?
False
Is 63068626319 a composite number?
False
Is 9710689771 a prime number?
True
Is 68416952899 a composite number?
True
Is 75670679057 a composite number?
True
Is 118160629 a prime number?
False
Is 546264499 a prime number?
False
Is 1078544947 a composite number?
False
Is 45309235 composite?
True
Is 207562095023 composite?
True
Is 18983297 prime?
True
Is 236932989551 composite?
False
Is 16792294873 a composite number?
True
Is 7251203747 prime?
True
Is 1193783831 a prime number?
True
Is 94201423 a composite number?
False
Is 53328174379 a prime number?
True
Is 2737533769 prime?
False
Is 370709371 a prime number?
False
Is 208964700601 composite?
False
Is 5454722023 prime?
False
Is 362644307 a composite number?
False
Is 1367846609 a prime number?
True
Is 2850457369 composite?
True
Is 519316849 composite?
True
Is 336099389 a composite number?
True
Is 413855041 prime?
True
Is 132878674 a composite number?
True
Is 1043388497 prime?
False
Is 55243351991 prime?
True
Is 247371883 a prime number?
False
Is 9619850843 prime?
False
Is 14340637271 composite?
False
Is 6819203011 prime?
False
Is 19643192837 a prime number?
False
Is 659049019 composite?
False
Is 4101986513 composite?
True
Is 1478021731 a prime number?
True
Is 166734235 a composite number?
True
Is 46373269 a prime number?
True
Is 173174583089 a composite number?
False
Is 53827451501 prime?
True
Is 672948901 composite?
True
Is 2038139321 a composite number?
False
Is 13895777513 composite?
False
Is 3296426743 composite?
True
Is 4086556739 a prime number?
False
Is 1398500633 prime?
False
Is 248780359 a prime number?
True
Is 14907730217 prime?
True
Is 1048821203 a composite number?
True
Is 613734103 prime?
True
Is 921832493 a composite number?
False
Is 575593959 composite?
True
Is 34702641101 a composite number?
False
Is 26042211691 a composite number?
True
Is 6046753147 prime?
False
Is 499344661 a composite number?
False
Is 859480841 a prime number?
True
Is 244255493 a composite number?
False
Is 2127812503 a prime number?
False
Is 33381220127 prime?
True
Is 13108467527 a composite number?
True
Is 2206874095 prime?
False
Is 7184583869 a composite number?
True
Is 98815610107 composite?
True
Is 1344009781 prime?
False
Is 11346628409 a prime number?
True
Is 50144003603 composite?
True
Is 1124413421 composite?
False
Is 653398297 a composite number?
False
Is 258766672799 composite?
True
Is 3447214919 a prime number?
True
Is 1743507707 composite?
False
Is 51221339909 a prime number?
False
Is 16760911481 composite?
False
Is 319466201 a composite number?
False
Is 61947584213 a composite number?
False
Is 50231452019 prime?
False
Is 134462947 a composite number?
True
Is 34866116693 composite?
True
Is 101111629 prime?
False
Is 237150313 a composite number?
True
Is 1215173293 a prime number?
False
Is 18769368581 composite?
False
Is 6140249849 a composite number?
True
Is 2219101373 composite?
True
Is 132406983337 prime?
True
Is 1651597007 a composite number?
False
Is 121578283 a prime number?
False
Is 41622849731 a composite number?
True
Is 1742957339 a prime number?
True
Is 4457355247 prime?
False
Is 1616510879 a composite number?
True
Is 566053399 prime?
True
Is 1526666101 a prime number?
False
Is 19380279 a prime number?
False
Is 102502097791 a prime number?
False
Is 2648904229 a prime number?
True
Is 1089628993 prime?
True
Is 1098929779 a composite number?
True
Is 25312218227 a prime number?
True
Is 50103000667 a composite number?
False
Is 4591343543 prime?
True
Is 141738342209 composite?
True
Is 27466137277 a composite number?
False
Is 29788250287 a prime number?
True
Is 385795477 composite?
True
Is 2091543007 a composite number?
True
Is 727006697 prime?
True
Is 961966037 prime?
False
Is 6428784851 a composite number?
True
Is 5852387113 composite?
True
Is 4855120033 a composite number?
True
Is 1907898781 a prime number?
True
Is 886175976137 composite?
False
Is 39020311409 a composite number?
True
Is 13920747883 a prime number?
False
Is 7161843977 a prime number?
True
Is 584364977 composite?
True
Is 675196807 a composite number?
False
Is 8837205511 composite?
False
Is 6870013357 composite?
False
Is 29925895463 prime?
True
Is 4250353951 composite?
False
Is 391464617 prime?
False
Is 2383108591 a composite number?
True
Is 106201899301 prime?
False
Is 40179791 prime?
True
Is 1465840681 a prime number?
False
Is 166817897 a prime number?
False
Is 14607095779 a composite number?
False
Is 4063417342 a composite number?
True
Is 624474109 prime?
False
Is 741694249 prime?
False
Is 235591427 a composite number?
False
Is 1079751667 a composite number?
True
Is 383582429 composite?
True
Is 23364917123 prime?
False
Is 416190989 a prime number?
True
Is 19133011147 prime?
True
Is 13273920337 a composite number?
True
Is 154879717 prime?
False
Is 15718069363 a composite number?
True
Is 176159183 a composite number?
True
Is 22121630395 a prime number?
False
Is 53579219 composite?
True
Is 9458243269 composite?
False
Is 22116382193 a composite number?
False
Is 30545497861 a composite number?
True
Is 2355128629 prime?
False
Is 6339051703 prime?
True
Is 180297796459 a composite number?
True
Is 15173718409 prime?
True
Is 14083549657 a prime number?
False
Is 953382173 composite?
True
Is 20956209269 prime?
True
Is 14809633211 composite?
False
Is 5519971823 a composite number?
True
Is 16325652599 a composite number?
True
Is 18463710689 composite?
True
Is 54235899065 a composite number?
True
Is 52483234757 composite?
True
Is 509534027 composite?
False
Is 575419721 prime?
False
Is 1583178511 a composite number?
True
Is 6501729847 a prime number?
True
Is 7170464141 composite?
True
Is 5830044019 composite?
False
Is 1989372115 a composite number?
True
Is 106978693007 composite?
False
Is 8169660019 prime?
True
Is 738385157 prime?
False
Is 781050077 a composite number?
True
Is 5656257851 prime?
False
Is 2109939259 a prime number?
True
Is 2803207441 composite?
False
Is 151813230809 composite?
True
Is 57129026281 composite?
False
Is 2389809269 composite?
True
Is 446698733077 prime?
False
Is 2500437343 prime?
True
Is 97567747 composite?
False
Is 632808483 a prime number?
False
Is 8705499279 a prime number?
False
Is 110052367 composite?
False
Is 3753858341 a prime number?
False
Is 404576413 composite?
True
Is 565733563 a composite number?
True
Is 2432093383 a prime number?
False
Is 11470889233 a composite number?
True
Is 21317425933 prime?
True
Is 930846919 a composite number?
False
Is 314002177 prime?
True
Is 1009370299 a prime number?
False
Is 1411687587 a prime number?
False
Is 872891553 composite?
True
Is 38886712607 prime?
False
Is 21000899245 a prime number?
False
Is 17125711 prime?
True
Is 310888259 composite?
True
Is 1704744421 a prime number?
True
Is 222384987947 composite?
False
Is 5157197 a prime number?
True
Is 56627853599 a prime number?
True
Is 1498126369 composite?
False
Is 6914473537 prime?
True
Is 2962399621 composite?
True
Is 5720465431 a composite number?
True
Is 27676721639 composite?
True
Is 3865366121 composite?
False
Is 943684667 composite?
True
Is 146720858 composite?
True
Is 92067659 prime?
False
Is 40503739 composite?
True
Is 30984081691 a composite number?
True
Is 7667148961 a prime number?
True
Is 125849791 composite?
True
Is 1586272981 a composite number?
False
Is 791346401 composite?
False
Is 16588613 a prime number?
False
Is 440138843 a composite number?
False
Is 8362746607 a prime number?
False
Is 49708708633 composite?
True
Is 3683292163 composite?
True
Is 4279089665 a prime number?
False
Is 398918797 a prime number?
False
Is 88128633161 composite?
False
Is 3987778739 prime?
False
Is 3850711181 prime?
True
Is 1567593074 composite?
True
Is 307170433 a composite number?
True
Is 59365369813 prime?
False
Is 861413386 composite?
True
Is 16259933537 a prime number?
True
Is 89352565877 composite?
False
Is 653343343 composite?
True
Is 231037889063 a composite number?
False
Is 11200900259 composite?
True
Is 12402348251 a prime number?
True
Is 5834117935 composite?
True
Is 5